ose u = -c + 4*z + k, c = z - 4*z + 3. What are the prime factors of c?
2, 3
Let r = -741 - -1074. What are the prime factors of r?
3, 37
Let t(s) = 2*s**2 - 5*s - 3. Let g be t(-3). Let a be 3/(-1*3/(-18)). Let r = g - a. What are the prime factors of r?
2, 3
Suppose 3*s = 10*s - 3010. Suppose 5*c + s = 5*q, 5*c = 2*q - 84 - 73. List the prime factors of q.
7, 13
List the prime factors of (9/15)/(-12*13/(-332280)).
2, 3, 71
Suppose 20*x - 14*x = 7428. List the prime factors of x.
2, 619
Let l(w) = -3*w**2 + 23*w + 41. List the prime factors of l(9).
5
Let a(w) = w**2 - w + 1. Let q(y) = -y**3 + 10*y**2 - 10*y - 1. Let i(d) = 6*a(d) - q(d). What are the prime factors of i(5)?
2, 13
Let r = -135 - -1014. What are the prime factors of r?
3, 293
Let l(o) = o**2 - 6*o + 5. Let s be l(7). Suppose i + 269 = -s*z + 13*z, -5*i = 5*z - 1305. What are the prime factors of z?
5, 53
Let u(w) = w**3 + 34*w**2 + 24*w + 10. What are the prime factors of u(-30)?
2, 5, 17
Let c = 60 - 40. What are the prime factors of c?
2, 5
Suppose p - l + 3 = 0, 4*l = 3*p + 4 + 10. Let c be (-2244)/(-30) + p/10. Suppose 3*d - 3*m - c = 0, -m + 138 - 43 = 5*d. What are the prime factors of d?
2, 5
Suppose 4*v + 4*j = 815 + 77, 5*j + 20 = 0. What are the prime factors of v?
227
List the prime factors of 3533/1 + 1 + -71 + 65.
2, 3, 7
Suppose -11 - 2 = k - 3*c, 0 = 5*k + c + 49. Let f be (-48)/(-5) + 6/k. Let q = 40 - f. List the prime factors of q.
31
Suppose -3*x - 4*f + 1660 + 2581 = 0, 4*x = -f + 5672. List the prime factors of x.
3, 11, 43
Suppose 5*r + 532 = 7*r. List the prime factors of r.
2, 7, 19
Suppose k - 141 = -18. Suppose -q = -k - 1. What are the prime factors of q?
2, 31
Let q = -33 - -34. Suppose 5*t = -20, u - 3*t = 33 - q. List the prime factors of u.
2, 5
Suppose -4*l = -0*l. Suppose -4*z = -l*z. Suppose z = -6*h + h + 50. List the prime factors of h.
2, 5
Let j = -4662 + 6685. List the prime factors of j.
7, 17
Let q(z) = 12 + 4*z + z**2 + z - 2*z + 5*z. Let a be q(-11). Suppose -3*n + 5*j - 10 = 0, -n + 5*j = -5*n + a. What are the prime factors of n?
5
What are the prime factors of (-6)/4*(-3094)/39?
7, 17
Suppose -2 = -4*d - 2*y - 4, 1 = d - y. Let p be (-4411)/(-77) - 4/14. Suppose -5*h + p - 22 = d. List the prime factors of h.
7
Suppose w - 65 = -k + 49, -5*k = 2*w - 231. What are the prime factors of w?
113
Let p(y) = y**3 - 9*y**2 + 8*y + 4. Let n be p(8). Let r be 4/(-12) + n/12. Suppose -6*b + 13 + 347 = r. What are the prime factors of b?
2, 3, 5
Let s = -23 - -27. Suppose -k = -0*k - 5*v + 7, -3*k + 74 = s*v. Suppose -4*j + 6*f - 3*f = -88, 2*j + 5*f - k = 0. List the prime factors of j.
19
Suppose -2342 = -169*s + 168*s. What are the prime factors of s?
2, 1171
Let m(t) = -t - 18. Let s be m(-8). Let g = -10 - s. Suppose l + 0*l - 14 = g. List the prime factors of l.
2, 7
List the prime factors of -1*(2 - (3 - -2634)).
5, 17, 31
Suppose -395 = 4*j - 9*j. Let k = -25 + j. What are the prime factors of k?
2, 3
Let b = 69 + -153. What are the prime factors of ((-3)/4)/3 - 7245/b?
2, 43
Suppose -24*y + 26*y = -96. Let x = 152 + y. What are the prime factors of x?
2, 13
Let c = 162 + -95. What are the prime factors of c?
67
Let j(f) = f**3 + 2*f**2 - 2*f. Let c be (-6)/(-30) - 11/5. Let a be j(c). Suppose 0*p - 16 = -t - p, -a*t + 60 = 5*p. List the prime factors of t.
2, 5
Let q be (6 + -3 - 5)*1. What are the prime factors of 180/35 + q/(-28)*-2?
5
Let n(v) = -5*v**3 - 2*v**2 - 28*v - 12. What are the prime factors of n(-5)?
19, 37
Let i(q) = 5*q + 4. Let a(n) = -5*n - 1. Let t be a(-1). Let f be i(t). Let b = 7 + f. List the prime factors of b.
31
Suppose 0 + 0 = 6*z. Suppose z = 3*b - 7*b + 520. What are the prime factors of b?
2, 5, 13
Let t(f) = 85*f - 1. Let j be t(1). Let r = 223 - j. What are the prime factors of r?
139
Suppose 21*k - 79967 - 30136 = 0. What are the prime factors of k?
7, 107
Let x be (-4 - -2) + (4 - 30). Let p = 19 + x. Let f = p - -28. What are the prime factors of f?
19
What are the prime factors of (-144)/360 + (-11994)/(-10)?
11, 109
Let d = -78 + 8. Let j(t) = 30*t - 274. Let r be j(9). Let w = r - d. What are the prime factors of w?
2, 3, 11
Suppose -5*d + 5*k + 35 = 0, -4*d + 19 = -0*k - k. Suppose 0 = -t + 18 - d. Let c = t - -15. What are the prime factors of c?
29
Suppose 5*u - 20 = 0, o + 5*u = -o + 40. Let y(p) = p + 54. Let m be y(0). Suppose 2*r - o = m. What are the prime factors of r?
2
Let h be (4/6)/(9/135). Suppose 2*w - h = 42. What are the prime factors of w?
2, 13
Suppose -7*b = -5016 + 942. What are the prime factors of b?
2, 3, 97
Let o be 4 + (7/(7/2) - 2). Suppose 3*z - z - 2*w = 100, -3*w + 165 = o*z. What are the prime factors of z?
3, 5
Suppose -2*k - 15 = -5*k. Let z(m) = 35*m + 11. Let a(q) = -23*q - 7. Let j(l) = k*z(l) + 8*a(l). What are the prime factors of j(-3)?
2, 13
Suppose 0 = -3*i + 1 + 5, 4*g + 22 = i. Let y be (-26)/(g - -3) + -3. Suppose y = 4*a - 170. What are the prime factors of a?
3, 5
Let b be -3 + 9 + (-4)/1. Suppose -b*w = 2*w + 2*k - 314, 3*w - 2*k - 239 = 0. What are the prime factors of w?
79
Let o(z) = -2*z - 41. Let c be o(-25). List the prime factors of 21/(-14)*(-186)/c.
31
Suppose 4*p + 21 = 11*p. Suppose -2*j - 4*r = -3*r - 127, -p*j + 195 = -3*r. List the prime factors of j.
2
Let r(p) = 258*p + 6. Let y(m) = -257*m - 6. Let g(n) = 4*r(n) + 3*y(n). List the prime factors of g(1).
3, 89
Let j(i) = 7*i + 72. Let f be j(-10). Let a(u) = u**2 + 7*u + 9. Let y be a(-6). Suppose -24 = -f*v - 0*v + 4*d, y*d = v - 8. What are the prime factors of v?
2, 5
Let x(c) = -11*c**2 - 239*c - 15. List the prime factors of x(-9).
3, 5, 83
Let m(w) = -w**2 + 9*w - 10. Let a(t) = t**2 - 2*t + 8. Let z be a(0). Let y be m(z). List the prime factors of (-1 + -3 - y) + 4.
2
Suppose -r + 74 = -1. Let j = 131 + -128. Suppose j*w - 179 = -5*d, -3*w = -4*d + r + 52. List the prime factors of d.
2, 17
Let h be (24/(-20))/((-2)/(-30)*-2). What are the prime factors of (h/12)/(5/1300)?
3, 5, 13
Let i = -143 + 1940. What are the prime factors of i?
3, 599
Let m(n) = -n**3 + 23*n**2 + 3*n - 34. Let u be m(23). List the prime factors of 7042/u - 1/5.
3, 67
Let b(p) = p**3 - 10*p**2 - 9*p + 5. Let q be b(8). List the prime factors of q/((-2 + -1)*(-6)/(-12)).
2, 5, 13
Let u(n) = 21*n**2 - 8*n - 6. Let a be u(-3). List the prime factors of a/6*(7 - 4 - 1).
3, 23
Let h = -140 + 461. What are the prime factors of h?
3, 107
Suppose -m + 5504 = 3*m - 3*p, 5*p = -3*m + 4157. What are the prime factors of m?
7, 197
Let d(t) = 156*t**2 - 3*t + 1. List the prime factors of d(1).
2, 7, 11
Suppose 2*j - 55 = 435. What are the prime factors of j?
5, 7
What are the prime factors of 80/(-360) + 24320/9?
2, 7, 193
Suppose 4*f - 24 - 96 = 0. Suppose -f*b = -28*b - 48. List the prime factors of b.
2, 3
Let o(b) be the third derivative of -b**5/60 + 3*b**4/8 - b**3 - 3*b**2. Let q be o(8). What are the prime factors of 13 - -3*q/(-3)?
11
List the prime factors of (510/25)/((-2)/(-105)).
3, 7, 17
Let y(x) = x**2 - 8*x + 10. Suppose 0 = -4*l + 8 + 32. Let s be y(l). Suppose 0 = r - 0*r - s. What are the prime factors of r?
2, 3, 5
Let x = 5718 - 2821. What are the prime factors of x?
2897
Let c(w) be the second derivative of w**3/3 - w**2 + w. Suppose 5*h - 5*g - 43 = 2*h, -g - 2 = 0. What are the prime factors of c(h)?
2, 5
Let x(r) = -72*r - 1. Let j be x(-5). Let b = j + -93. List the prime factors of b.
2, 7, 19
Let i be (-1 - 1)/((-1)/7). Let j = 29 - i. List the prime factors of (8/6 - 0)*j.
2, 5
Suppose -14*l + 5031 = -5*l. Let d = -240 + l. List the prime factors of d.
11, 29
Let k(w) = -w**3 + 14*w**2 - 11*w - 24. Let s be k(13). Suppose 25 = x + s*o, 4*x + 2*o - 16 = 102. What are the prime factors of x?
31
Suppose -a - 5*x + 4272 = -2*x, 8524 = 2*a + x. List the prime factors of a.
2, 3, 5, 71
Let m be 14/(-21) + 4/6. Suppose 8*x = 4*x - 4*d + 1060, m = -3*x - d + 799. What are the prime factors of x?
3, 89
Let y(t) = 7*t + 7. Let z be y(3). Suppose -z*h + 24*h + 16 = 0. Suppose -5*q = -3*m - 99, 0 = 5*q - m + h*m - 111. What are the prime factors of q?
3, 7
Suppose -4*r = 2*c - 1058, 5*c + 523 = 4*r - 2*r. What are the prime factors of r?
2, 3, 11
Suppose -5*r = -4*y - 19190, 0 = 4*r - 5*y - 8716 